hat is the remainder when 1491280 is divided by 24?
16
What is the remainder when 4887991 is divided by 332?
287
Calculate the remainder when 742481 is divided by 72.
17
Calculate the remainder when 3422 is divided by 2133.
1289
What is the remainder when 625382 is divided by 312360?
662
Calculate the remainder when 7117 is divided by 1537.
969
Calculate the remainder when 61072 is divided by 10028.
904
Calculate the remainder when 255311 is divided by 85078.
77
Calculate the remainder when 1991011 is divided by 40630.
141
What is the remainder when 44419326 is divided by 1336?
1334
What is the remainder when 47932499 is divided by 660?
659
Calculate the remainder when 611233 is divided by 4969.
46
Calculate the remainder when 54775 is divided by 411.
112
Calculate the remainder when 1701551 is divided by 3675.
26
Calculate the remainder when 9517233 is divided by 42.
33
What is the remainder when 10860742 is divided by 420?
382
What is the remainder when 812492 is divided by 101554?
60
What is the remainder when 6555332 is divided by 4565?
4557
What is the remainder when 3384613 is divided by 2005?
173
Calculate the remainder when 140566224 is divided by 28.
8
What is the remainder when 339766 is divided by 228?
46
What is the remainder when 438598 is divided by 256?
70
Calculate the remainder when 1832942 is divided by 916260.
422
What is the remainder when 244333990 is divided by 3544?
3542
What is the remainder when 981293 is divided by 327090?
23
What is the remainder when 5441466 is divided by 1088278?
76
Calculate the remainder when 843816 is divided by 843814.
2
Calculate the remainder when 40837124 is divided by 128.
4
Calculate the remainder when 165426 is divided by 9678.
900
Calculate the remainder when 20366901 is divided by 431.
427
What is the remainder when 130414911 is divided by 23?
12
What is the remainder when 6586702 is divided by 673?
51
What is the remainder when 497692 is divided by 525?
517
What is the remainder when 418302 is divided by 86?
84
What is the remainder when 5678604 is divided by 63?
36
What is the remainder when 63509 is divided by 372?
269
What is the remainder when 626095 is divided by 48155?
80
Calculate the remainder when 1001943 is divided by 291.
30
Calculate the remainder when 70587374 is divided by 7424.
7406
What is the remainder when 599618 is divided by 33312?
2
Calculate the remainder when 118709 is divided by 23079.
3314
What is the remainder when 195620 is divided by 97614?
392
Calculate the remainder when 6161922 is divided by 2053681.
879
What is the remainder when 25345837 is divided by 26?
23
What is the remainder when 749115790 is divided by 44?
38
Calculate the remainder when 7567263 is divided by 467.
462
Calculate the remainder when 22102025 is divided by 11225.
0
What is the remainder when 775339 is divided by 2731?
2466
Calculate the remainder when 129378045 is divided by 5625132.
9
Calculate the remainder when 2151387 is divided by 22.
7
Calculate the remainder when 21111125 is divided by 62.
1
Calculate the remainder when 15390 is divided by 2903.
875
What is the remainder when 4878776 is divided by 1626257?
5
Calculate the remainder when 14809 is divided by 4100.
2509
Calculate the remainder when 8117055 is divided by 140.
135
Calculate the remainder when 131460 is divided by 64747.
1966
Calculate the remainder when 76794 is divided by 37865.
1064
Calculate the remainder when 177227 is divided by 422.
409
Calculate the remainder when 552941 is divided by 87.
56
Calculate the remainder when 41547 is divided by 19006.
3535
What is the remainder when 653397817 is divided by 11?
6
Calculate the remainder when 17905252 is divided by 31.
24
Calculate the remainder when 23642 is divided by 7859.
65
What is the remainder when 24629 is divided by 11911?
807
What is the remainder when 147302276 is divided by 52?
4
Calculate the remainder when 263558194 is divided by 4.
2
What is the remainder when 14188985 is divided by 126?
125
What is the remainder when 256166 is divided by 1398?
332
What is the remainder when 32434236 is divided by 10811388?
72
What is the remainder when 51396 is divided by 10245?
171
What is the remainder when 19881510 is divided by 6627120?
150
Calculate the remainder when 37527294 is divided by 7505457.
9
What is the remainder when 1153307 is divided by 52?
51
What is the remainder when 8903075 is divided by 258?
11
What is the remainder when 1620301 is divided by 1826?
639
Calculate the remainder when 23806622 is divided by 180.
2
What is the remainder when 538629828 is divided by 5?
3
Calculate the remainder when 25016409 is divided by 1734.
1725
Calculate the remainder when 79620534 is divided by 13270082.
42
Calculate the remainder when 6445375 is divided by 3222625.
125
What is the remainder when 93567 is divided by 39873?
13821
Calculate the remainder when 567095 is divided by 18288.
167
Calculate the remainder when 108400 is divided by 21448.
1160
What is the remainder when 1838284 is divided by 3488?
108
What is the remainder when 327284 is divided by 109050?
134
What is the remainder when 1149614 is divided by 47885?
374
What is the remainder when 13993854 is divided by 608426?
56
Calculate the remainder when 305793 is divided by 221.
150
Calculate the remainder when 5673236 is divided by 945536.
20
What is the remainder when 16937042 is divided by 5645581?
299
What is the remainder when 62157633 is divided by 6906403?
6
What is the remainder when 307770 is divided by 43965?
15
Calculate the remainder when 329357 is divided by 3022.
2981
Calculate the remainder when 322349 is divided by 322022.
327
Calculate the remainder when 286069 is divided by 15030.
499
Calculate the remainder when 222479 is divided by 53706.
7655
What is the remainder when 13915807 is divided by 10416?
31
Calculate the remainder when 51203471 is divided by 161.
158
Calculate the remainder when 117787666 is divided by 11.
7
What is the remainder when 590292 is divided by 4799?
15
Calculate the remainder when 18608195 is divided by 1691654.
1
What is the remainder when 4276512 is divided by 1425502?
6
What is the remainder when 23694 is divided by 212?
162
What is the remainder when 68988 is divided by 595?
563
What is the remainder when 1534628 is divided by 24351?
515
Calculate the remainder when 3122179 is divided by 49.
46
Calculate the remainder when 1065912 is divided by 59.
18
What is the remainder when 61736 is divided by 1554?
1130
Calculate the remainder when 1838990 is divided by 612991.
17
What is the remainder when 17677794 is divided by 63?
57
Calculate the remainder when 454483624 is divided by 125.
124
What is the remainder when 2085326 is divided by 34?
4
Calculate the remainder when 5895059 is divided by 80.
19
What is the remainder when 65287 is divided by 4077?
55
What is the remainder when 288245 is divided by 13556?
3569
What is the remainder when 885006 is divided by 884892?
114
What is the remainder when 179057 is divided by 10528?
81
What is the remainder when 7210977 is divided by 2100?
1677
Calculate the remainder when 25740330 is divided by 123.
120
Calculate the remainder when 744809 is divided by 2887.
2850
Calculate the remainder when 5021995 is divided by 1395.
1390
What is the remainder when 35122413 is divided by 2843?
2834
What is the remainder when 103474 is divided by 25864?
18
Calculate the remainder when 628191 is divided by 980.
11
Calculate the remainder when 50313093 is divided by 46.
41
What is the remainder when 117837 is divided by 120?
117
Calculate the remainder when 6281684 is divided by 89.
64
Calculate the remainder when 353804 is divided by 1094.
442
Calculate the remainder when 3748615 is divided by 5417.
51
Calculate the remainder when 1345769 is divided by 672860.
49
What is the remainder when 1202576 is divided by 46249?
102
Calculate the remainder when 489196 is divided by 29.
24
What is the remainder when 70845747 is divided by 3450?
3447
Calculate the remainder when 61763408 is divided by 1871618.
14
Calculate the remainder when 452014 is divided by 112838.
662
What is the remainder when 67989119 is divided by 4627?
4608
Calculate the remainder when 305552 is divided by 5658.
20
What is the remainder when 215911 is divided b